alculate the remainder when 246073 is divided by 75.
73
What is the remainder when 5639 is divided by 1122?
29
What is the remainder when 96009 is divided by 254?
251
What is the remainder when 1241782 is divided by 54?
52
What is the remainder when 4882 is divided by 162?
22
Calculate the remainder when 14710 is divided by 818.
804
Calculate the remainder when 10444 is divided by 298.
14
What is the remainder when 422951 is divided by 195?
191
Calculate the remainder when 5765 is divided by 696.
197
What is the remainder when 171 is divided by 146?
25
What is the remainder when 251311 is divided by 22840?
71
What is the remainder when 77171 is divided by 100?
71
What is the remainder when 72438 is divided by 7243?
8
Calculate the remainder when 396865 is divided by 56693.
14
What is the remainder when 2109 is divided by 429?
393
What is the remainder when 27463 is divided by 886?
883
Calculate the remainder when 5009 is divided by 1640.
89
Calculate the remainder when 10514 is divided by 876.
2
What is the remainder when 846289 is divided by 118?
111
What is the remainder when 4635 is divided by 155?
140
Calculate the remainder when 2363 is divided by 136.
51
What is the remainder when 273324 is divided by 2603?
9
Calculate the remainder when 103828 is divided by 14827.
39
What is the remainder when 3505 is divided by 500?
5
What is the remainder when 21521 is divided by 74?
61
Calculate the remainder when 660828 is divided by 745.
13
Calculate the remainder when 13374 is divided by 4449.
27
Calculate the remainder when 46251 is divided by 8.
3
What is the remainder when 5562 is divided by 423?
63
Calculate the remainder when 2097 is divided by 2089.
8
Calculate the remainder when 2718155 is divided by 10.
5
What is the remainder when 2012 is divided by 49?
3
Calculate the remainder when 680 is divided by 21.
8
What is the remainder when 9572 is divided by 567?
500
What is the remainder when 121599 is divided by 40?
39
Calculate the remainder when 17540 is divided by 5694.
458
Calculate the remainder when 134476 is divided by 558.
556
Calculate the remainder when 454676 is divided by 227337.
2
What is the remainder when 8724031 is divided by 8?
7
What is the remainder when 6122 is divided by 22?
6
Calculate the remainder when 18382 is divided by 3672.
22
What is the remainder when 95815 is divided by 29?
28
Calculate the remainder when 433665 is divided by 317.
9
Calculate the remainder when 643 is divided by 125.
18
Calculate the remainder when 1420341 is divided by 23.
22
Calculate the remainder when 561502 is divided by 59.
58
What is the remainder when 100875 is divided by 61?
42
What is the remainder when 69724 is divided by 26?
18
What is the remainder when 341741 is divided by 897?
881
What is the remainder when 199577 is divided by 66524?
5
Calculate the remainder when 19861 is divided by 74.
29
What is the remainder when 26238 is divided by 282?
12
What is the remainder when 363 is divided by 361?
2
What is the remainder when 89083 is divided by 89054?
29
Calculate the remainder when 7389 is divided by 1018.
263
What is the remainder when 883485 is divided by 16?
13
Calculate the remainder when 327622 is divided by 24.
22
What is the remainder when 15365 is divided by 5027?
284
Calculate the remainder when 193124 is divided by 155.
149
Calculate the remainder when 17400 is divided by 77.
75
What is the remainder when 101493 is divided by 170?
3
Calculate the remainder when 49235 is divided by 152.
139
Calculate the remainder when 3008 is divided by 165.
38
What is the remainder when 152103 is divided by 585?
3
What is the remainder when 1261 is divided by 210?
1
What is the remainder when 49518 is divided by 16505?
3
What is the remainder when 5119 is divided by 10?
9
Calculate the remainder when 22932 is divided by 66.
30
Calculate the remainder when 8637 is divided by 2783.
288
Calculate the remainder when 7216 is divided by 5.
1
Calculate the remainder when 525027 is divided by 222.
219
Calculate the remainder when 11020 is divided by 25.
20
Calculate the remainder when 5640 is divided by 1042.
430
What is the remainder when 1001 is divided by 61?
25
What is the remainder when 707 is divided by 245?
217
Calculate the remainder when 11257 is divided by 5.
2
What is the remainder when 6201633 is divided by 12?
9
What is the remainder when 9759 is divided by 15?
9
What is the remainder when 655832 is divided by 218608?
8
What is the remainder when 485812 is divided by 121453?
0
What is the remainder when 72859 is divided by 144?
139
Calculate the remainder when 3061 is divided by 1012.
25
What is the remainder when 813 is divided by 28?
1
What is the remainder when 23481 is divided by 11582?
317
What is the remainder when 695 is divided by 157?
67
What is the remainder when 971750 is divided by 51?
47
What is the remainder when 7597 is divided by 507?
499
What is the remainder when 105083 is divided by 186?
179
Calculate the remainder when 55470 is divided by 55457.
13
Calculate the remainder when 66948 is divided by 129.
126
Calculate the remainder when 87341 is divided by 8.
5
What is the remainder when 803 is divided by 151?
48
What is the remainder when 3852 is divided by 764?
32
Calculate the remainder when 355751 is divided by 355741.
10
Calculate the remainder when 4625 is divided by 459.
35
Calculate the remainder when 4877 is divided by 28.
5
What is the remainder when 2951 is divided by 153?
44
What is the remainder when 13588 is divided by 1235?
3
What is the remainder when 237790 is divided by 8?
6
What is the remainder when 840003 is divided by 167998?
13
What is the remainder when 50357 is divided by 196?
181
What is the remainder when 3331 is divided by 3261?
70
Calculate the remainder when 13865 is divided by 3464.
9
Calculate the remainder when 74519 is divided by 14890.
69
Calculate the remainder when 62849 is divided by 20946.
11
Calculate the remainder when 311041 is divided by 17.
9
Calculate the remainder when 7468 is divided by 1555.
1248
What is the remainder when 1135 is divided by 981?
154
Calculate the remainder when 22684 is divided by 94.
30
Calculate the remainder when 2491 is divided by 62.
11
Calculate the remainder when 9344 is divided by 1303.
223
What is the remainder when 162152 is divided by 273?
263
What is the remainder when 11396 is divided by 3781?
53
Calculate the remainder when 3703 is divided by 3517.
186
What is the remainder when 9080 is divided by 1432?
488
What is the remainder when 1289 is divided by 62?
49
Calculate the remainder when 9045 is divided by 8745.
300
Calculate the remainder when 303 is divided by 264.
39
What is the remainder when 6702 is divided by 241?
195
What is the remainder when 86681 is divided by 43321?
39
Calculate the remainder when 988 is divided by 223.
96
What is the remainder when 54602 is divided by 29?
24
What is the remainder when 3600 is divided by 82?
74
Calculate the remainder when 3304 is divided by 875.
679
What is the remainder when 34747 is divided by 518?
41
What is the remainder when 1841 is divided by 458?
9
Calculate the remainder when 1772 is divided by 124.
36
Calculate the remainder when 1127 is divided by 1097.
30
Calculate the remainder when 3669 is divided by 607.
27
What is the remainder when 27169 is divided by 3016?
25
What is the remainder when 2211 is divided by 422?
101
What is the remainder when 3098822 is divided by 37?
35
Calculate the remainder when 20498 is divided by 164.
162
Calculate the remainder when 58758 is divided by 216.
6
Calculate the remainder when 10286 is divided by 6.
2
What is the remainder when 938012 is divided by 13?
10
Calculate the remainder when 103376 is divided by 136.
16
What is the remainder when 209723 is divided by 25?
23
What is the remainder when 8135 is divided by 26?
23
What is the remainder when 537 is divided by 133?
5
What is the remainder when 74372 is divided by 2754?
14
What is the remainder when 10916 is divided by 27?
8
Calculate the remainder when 792 is divided by 72.
0
Calculate the remainder when 62270 is divided by 284.
74
Calculate the remainder when 549 is divided by 1.
0
What is the remainder when 53589 is divided by 466?
465
Calculate the remainder when 30156 is divided by 1